{"id":15,"date":"2021-03-22T10:16:07","date_gmt":"2021-03-22T10:16:07","guid":{"rendered":"https:\/\/nhasachthudo247.net\/?page_id=15"},"modified":"2021-03-26T03:48:39","modified_gmt":"2021-03-26T03:48:39","slug":"lien-he","status":"publish","type":"page","link":"https:\/\/nhasachthudo247.net\/?page_id=15","title":{"rendered":"Li\u00ean H\u1ec7"},"content":{"rendered":"<div class=\"row row-small\"  id=\"row-200408395\">\n\n\t<div id=\"col-500547806\" class=\"col medium-6 small-12 large-6\"  >\n\t\t\t\t<div class=\"col-inner\"  >\n\t\t\t\n\t\t\t\n<h2 style=\"text-align: center;\">C\u00d4NG TY TNHH NH\u00c0 S\u1ea0CH TH\u1ee6 \u0110\u00d4<\/h2>\n<p>\u0110\u1ecba ch\u1ec9: S\u1ed1 76 \u0111\u01b0\u1eddng Ngh\u0129a L\u1ed9, T\u1ed5 5, Ph\u01b0\u1eddng Y\u00ean Ngh\u0129a, H\u00e0 \u0110\u00f4ng, H\u00e0 N\u1ed9i<br \/>STK: 19133130171010 &#8211; Ng\u00e2n H\u00e0ng Techcombank chi nh\u00e1nh H\u00e0 T\u00e2y<br \/>\u0110i\u1ec7n tho\u1ea1i: 0978 02 03 79 &#8211; Email: nhasachthudo.cty@gmail.com<\/p>\n<p><iframe loading=\"lazy\" src=\"https:\/\/www.facebook.com\/plugins\/page.php?href=https%3A%2F%2Fwww.facebook.com%2FV%25E1%25BB%2587-Sinh-C%25C3%25B4ng-Nghi%25E1%25BB%2587p-Nh%25C3%25A0-S%25E1%25BA%25A1ch-Th%25E1%25BB%25A7-%25C4%2590%25C3%25B4-390639101730216%2F&#038;tabs=timeline&#038;width=440&#038;height=500&#038;small_header=false&#038;adapt_container_width=true&#038;hide_cover=false&#038;show_facepile=true&#038;appId=504559570173457\" width=\"440\" height=\"350\" style=\"border:none;overflow:hidden\" scrolling=\"no\" frameborder=\"0\" allowfullscreen=\"true\" allow=\"autoplay; clipboard-write; encrypted-media; picture-in-picture; web-share\"><\/iframe><\/p>\n\t\t<\/div>\n\t\t\t\t\t<\/div>\n\n\t\n\n\t<div id=\"col-517529678\" class=\"col medium-6 small-12 large-6\"  >\n\t\t\t\t<div class=\"col-inner\"  >\n\t\t\t\n\t\t\t\n<p>M\u1eddi b\u1ea1n \u0111i\u1ec1n m\u1eabu th\u00f4ng tin b\u00ean d\u01b0\u1edbi v\u00e0 g\u1eedi cho ch\u00fang t\u00f4i. Ch\u00fang t\u00f4i s\u1ebd gi\u1ea3i \u0111\u00e1p m\u1ecdi th\u1eafc m\u1eafc c\u1ee7a b\u1ea1n s\u1edbm nh\u1ea5t.<\/p>\n[contact-form-7 id=&#8221;6&#8243;]\n\t\t<\/div>\n\t\t\t\t\t<\/div>\n\n\t\n\n\t<div id=\"col-1944568117\" class=\"col small-12 large-12\"  >\n\t\t\t\t<div class=\"col-inner\"  >\n\t\t\t\n\t\t\t\n<p><iframe src=\"https:\/\/www.google.com\/maps\/embed?pb=!1m18!1m12!1m3!1d3726.061309629751!2d105.73869191533134!3d20.9500528958356!2m3!1f0!2f0!3f0!3m2!1i1024!2i768!4f13.1!3m3!1m2!1s0x313452f49e12b45f%3A0x16415a55bdbfc73a!2zNzYgxJDGsOG7nW5nIE5naMSpYSBM4buZLCBZw6puIE5naMSpYSwgSMOgIMSQw7RuZywgSMOgIE7hu5lpLCBWaeG7h3QgTmFt!5e0!3m2!1svi!2s!4v1616730501154!5m2!1svi!2s\" width=\"100%\" height=\"450\" style=\"border:0;\" allowfullscreen=\"\" loading=\"lazy\"><\/iframe><\/p>\n\t\t<\/div>\n\t\t\t\t\t<\/div>\n\n\t\n<\/div>\n","protected":false},"excerpt":{"rendered":"","protected":false},"author":1,"featured_media":0,"parent":0,"menu_order":0,"comment_status":"closed","ping_status":"closed","template":"","meta":{"footnotes":""},"class_list":["post-15","page","type-page","status-publish","hentry"],"_links":{"self":[{"href":"https:\/\/nhasachthudo247.net\/index.php?rest_route=\/wp\/v2\/pages\/15","targetHints":{"allow":["GET"]}}],"collection":[{"href":"https:\/\/nhasachthudo247.net\/index.php?rest_route=\/wp\/v2\/pages"}],"about":[{"href":"https:\/\/nhasachthudo247.net\/index.php?rest_route=\/wp\/v2\/types\/page"}],"author":[{"embeddable":true,"href":"https:\/\/nhasachthudo247.net\/index.php?rest_route=\/wp\/v2\/users\/1"}],"replies":[{"embeddable":true,"href":"https:\/\/nhasachthudo247.net\/index.php?rest_route=%2Fwp%2Fv2%2Fcomments&post=15"}],"version-history":[{"count":2,"href":"https:\/\/nhasachthudo247.net\/index.php?rest_route=\/wp\/v2\/pages\/15\/revisions"}],"predecessor-version":[{"id":108,"href":"https:\/\/nhasachthudo247.net\/index.php?rest_route=\/wp\/v2\/pages\/15\/revisions\/108"}],"wp:attachment":[{"href":"https:\/\/nhasachthudo247.net\/index.php?rest_route=%2Fwp%2Fv2%2Fmedia&parent=15"}],"curies":[{"name":"wp","href":"https:\/\/api.w.org\/{rel}","templated":true}]}}